3079461932.
2, 769865483
What are the prime factors of 30194714?
2, 11, 131, 10477
What are the prime factors of 140301049?
7, 20043007
List the prime factors of 104178793.
104178793
List the prime factors of 26636763.
3, 8878921
What are the prime factors of 19346685?
3, 5, 1289779
What are the prime factors of 4145258018?
2, 11, 181, 877, 1187
List the prime factors of 1375363787.
7, 251, 782791
List the prime factors of 151355156.
2, 2371, 15959
List the prime factors of 84577558.
2, 13, 79, 41177
What are the prime factors of 3189885013?
7, 2273, 200483
List the prime factors of 84950099.
13, 271, 24113
List the prime factors of 826707821.
3673, 225077
What are the prime factors of 2369110?
2, 5, 19, 37, 337
List the prime factors of 508357319.
37, 41, 335107
What are the prime factors of 368080426?
2, 7, 19, 1383761
List the prime factors of 1055051601.
3, 351683867
What are the prime factors of 806921583?
3, 13, 19, 59, 18457
What are the prime factors of 3018989?
3018989
List the prime factors of 751599086.
2, 7, 53685649
What are the prime factors of 5431220394?
2, 3, 905203399
What are the prime factors of 568420382?
2, 284210191
List the prime factors of 390541837.
7, 55791691
What are the prime factors of 64810479?
3, 21603493
What are the prime factors of 236979070?
2, 5, 487, 48661
What are the prime factors of 626976393?
3, 109, 173, 11083
List the prime factors of 70944374.
2, 23, 1033, 1493
What are the prime factors of 243111650?
2, 5, 19, 255907
List the prime factors of 84072698.
2, 42036349
List the prime factors of 456921515.
5, 2141, 42683
What are the prime factors of 57521566?
2, 28760783
List the prime factors of 41493365.
5, 8298673
What are the prime factors of 2775518067?
3, 7, 132167527
What are the prime factors of 600166018?
2, 300083009
List the prime factors of 65086449.
3, 21695483
List the prime factors of 66039638.
2, 7, 4717117
List the prime factors of 1847154853.
79, 23381707
List the prime factors of 146951481.
3, 1033, 47419
What are the prime factors of 373906773?
3, 29, 97, 547
List the prime factors of 67191576.
2, 3, 47, 59567
List the prime factors of 201508838.
2, 100754419
List the prime factors of 120231748.
2, 7, 13, 137, 2411
List the prime factors of 510257383.
197, 2590139
List the prime factors of 43987319.
43987319
What are the prime factors of 613103538?
2, 3, 17, 2237, 2687
What are the prime factors of 296794552?
2, 283, 337, 389
List the prime factors of 1238897972.
2, 13, 593, 40177
What are the prime factors of 66805113?
3, 41, 543131
What are the prime factors of 3680314922?
2, 1999, 920539
List the prime factors of 381590921.
381590921
What are the prime factors of 25924950?
2, 3, 5, 53, 1087
What are the prime factors of 229439312?
2, 14339957
What are the prime factors of 37177767?
3, 11, 375533
List the prime factors of 32504731.
7, 17, 273149
List the prime factors of 61140267.
3, 6793363
List the prime factors of 492456909.
3, 7, 211, 15877
What are the prime factors of 8912015659?
8912015659
List the prime factors of 91536869.
1523, 60103
List the prime factors of 1091271681.
3, 121252409
List the prime factors of 693397295.
5, 138679459
What are the prime factors of 100912356?
2, 3, 2803121
List the prime factors of 1162686632.
2, 43, 3379903
What are the prime factors of 1850720824?
2, 89, 2599327
List the prime factors of 83039188.
2, 20759797
What are the prime factors of 17747009?
7, 223, 11369
What are the prime factors of 559406531?
19, 4877, 6037
What are the prime factors of 47204866?
2, 29, 73, 11149
What are the prime factors of 12382674?
2, 3, 2063779
List the prime factors of 97259697.
3, 577, 2081
What are the prime factors of 202832382?
2, 3, 157, 197, 1093
List the prime factors of 24220904.
2, 61, 49633
What are the prime factors of 72692919?
3, 13, 43, 14449
List the prime factors of 101564178.
2, 3, 269, 62927
What are the prime factors of 31822625?
5, 19, 13399
List the prime factors of 52035879.
3, 7, 2477899
What are the prime factors of 1245447040?
2, 5, 1946011
What are the prime factors of 79336426?
2, 13, 137, 22273
What are the prime factors of 150647656?
2, 19, 83, 11941
What are the prime factors of 1947768959?
26729, 72871
List the prime factors of 79203787.
13, 6092599
List the prime factors of 7779331320.
2, 3, 5, 113, 563, 1019
What are the prime factors of 6002153668?
2, 7, 30623233
List the prime factors of 1278358351.
1278358351
List the prime factors of 42910959.
3, 7, 13, 107, 113
List the prime factors of 931909867.
7, 29, 4590689
What are the prime factors of 2366219892?
2, 3, 701, 281291
What are the prime factors of 1457060632?
2, 239, 762061
List the prime factors of 308913180.
2, 3, 5, 5148553
What are the prime factors of 768456483?
3, 43, 5957027
What are the prime factors of 2498775825?
3, 5, 7, 13, 193, 271
List the prime factors of 550039571.
550039571
What are the prime factors of 3390544891?
47, 241, 299333
What are the prime factors of 270968396?
2, 31, 953, 2293
What are the prime factors of 2713191335?
5, 239, 421, 5393
List the prime factors of 19225577.
7, 2746511
What are the prime factors of 7998006779?
7, 17, 47, 353, 4051
What are the prime factors of 132290951?
13, 79, 128813
List the prime factors of 1430202718.
2, 7, 131, 779827
List the prime factors of 3770292845.
5, 11, 83, 75083
List the prime factors of 186148532.
2, 46537133
List the prime factors of 209585629.
11, 19053239
List the prime factors of 65176997.
17, 67, 57223
List the prime factors of 2033219154.
2, 3, 47, 241, 29917
List the prime factors of 117313662.
2, 3, 23, 113, 7523
What are the prime factors of 4595053?
173, 26561
List the prime factors of 909869088.
2, 3, 1381, 6863
What are the prime factors of 957711011?
593, 1615027
What are the prime factors of 12017983?
23, 522521
What are the prime factors of 1989017901?
3, 13, 17, 293, 3413
What are the prime factors of 844094860?
2, 5, 7, 71, 84919
List the prime factors of 34094688.
2, 3, 53, 6701
List the prime factors of 24813559.
463, 53593
What are the prime factors of 725063416?
2, 7, 11, 443, 2657
List the prime factors of 57475850.
2, 5, 23, 41, 53
What are the prime factors of 2243170029?
3, 37, 59, 342521
List the prime factors of 8361206.
2, 7, 47, 97, 131
List the prime factors of 1646481878.
2, 823240939
What are the prime factors of 49866601?
107, 466043
List the prime factors of 40859676.
2, 3, 11, 13, 7937
What are the prime factors of 4648035203?
7, 8353, 79493
List the prime factors of 66352035.
3, 5, 887, 4987
List the prime factors of 11642135.
5, 47, 107, 463
List the prime factors of 1244240498.
2, 19, 59, 554969
List the prime factors of 28738155.
3, 5, 23, 83299
What are the prime factors of 1786877909?
1786877909
What are the prime factors of 1081345996?
2, 17, 79, 101, 1993
What are the prime factors of 3186839874?
2, 3, 531139979
What are the prime factors of 1979867012?
2, 59, 421, 19927
List the prime factors of 762947164.
2, 7, 27248113
List the prime factors of 268547590.
2, 5, 1181, 22739
List the prime factors of 4479288008.
2, 13, 433, 99469
What are the prime factors of 145675273?
145675273
List the prime factors of 3349182013.
3349182013
What are the prime factors of 1719732432?
2, 3, 11, 3257069
List the prime factors of 12914578.
2, 1759, 3671
What are the prime factors of 44892664?
2, 73, 76871
What are the prime factors of 78363211?
193, 406027
What are the prime factors of 669213553?
71, 9425543
List the prime factors of 1002731762.
2, 5689, 88129
List the prime factors of 5778479888.
2, 23, 1327, 11833
What are the prime factors of 6129330348?
2, 3, 17, 47, 773, 827
What are the prime factors of 46453871?
719, 64609
What are the prime factors of 2364246471?
3, 788082157
List the prime factors of 21273376.
2, 664793
List the prime factors of 85002569.
85002569
List the prime factors of 7245664876.
2, 1811416219
List the prime factors of 180012483.
3, 7, 29, 32843
What are the prime factors of 2533804245?
3, 5, 7, 1277, 6299
List the prime factors of 6614342.
2, 7, 37, 113
List the prime factors of 264531761.
13, 20348597
List the prime factors of 2666328668.
2, 666582167
List the prime factors of 1749347428.
2, 437336857
What are the prime factors o